{"id":844,"date":"2023-04-06T15:52:12","date_gmt":"2023-04-06T13:52:12","guid":{"rendered":"http:\/\/desamiantek.fr\/?page_id=844"},"modified":"2023-04-06T15:52:50","modified_gmt":"2023-04-06T13:52:50","slug":"mentions-legales","status":"publish","type":"page","link":"https:\/\/desamiantek.fr\/index.php\/mentions-legales\/","title":{"rendered":"Mentions l\u00e9gales"},"content":{"rendered":"\t\t<div data-elementor-type=\"wp-page\" data-elementor-id=\"844\" class=\"elementor elementor-844\">\n\t\t\t\t\t\t\t\t\t<section class=\"elementor-section elementor-top-section elementor-element elementor-element-6d03225 elementor-section-boxed elementor-section-height-default elementor-section-height-default wpr-particle-no wpr-jarallax-no wpr-parallax-no wpr-sticky-section-no\" data-id=\"6d03225\" data-element_type=\"section\">\n\t\t\t\t\t\t<div class=\"elementor-container elementor-column-gap-default\">\n\t\t\t\t\t<div class=\"elementor-column elementor-col-100 elementor-top-column elementor-element elementor-element-2cdb188\" data-id=\"2cdb188\" data-element_type=\"column\">\n\t\t\t<div class=\"elementor-widget-wrap elementor-element-populated\">\n\t\t\t\t\t\t\t\t<div class=\"elementor-element elementor-element-71f35bc elementor-widget elementor-widget-text-editor\" data-id=\"71f35bc\" data-element_type=\"widget\" data-widget_type=\"text-editor.default\">\n\t\t\t\t<div class=\"elementor-widget-container\">\n\t\t\t<style>\/*! elementor - v3.12.1 - 02-04-2023 *\/\n.elementor-widget-text-editor.elementor-drop-cap-view-stacked .elementor-drop-cap{background-color:#69727d;color:#fff}.elementor-widget-text-editor.elementor-drop-cap-view-framed .elementor-drop-cap{color:#69727d;border:3px solid;background-color:transparent}.elementor-widget-text-editor:not(.elementor-drop-cap-view-default) .elementor-drop-cap{margin-top:8px}.elementor-widget-text-editor:not(.elementor-drop-cap-view-default) .elementor-drop-cap-letter{width:1em;height:1em}.elementor-widget-text-editor .elementor-drop-cap{float:left;text-align:center;line-height:1;font-size:50px}.elementor-widget-text-editor .elementor-drop-cap-letter{display:inline-block}<\/style>\t\t\t\t<p style=\"margin-bottom: 1rem; caret-color: #212529; color: #212529; font-family: Raleway, 'Odoo Unicode Support Noto', sans-serif; background-color: rgba(255, 255, 255, 0.9);\">Mentions l\u00e9gales<\/p><p style=\"margin-bottom: 1rem; caret-color: #212529; color: #212529; font-family: Raleway, 'Odoo Unicode Support Noto', sans-serif; background-color: rgba(255, 255, 255, 0.9);\">Merci de lire avec attention les diff\u00e9rentes modalit\u00e9s d\u2019utilisation du pr\u00e9sent site avant d\u2019y parcourir ses pages. En vous connectant sur ce site, vous acceptez sans r\u00e9serves les pr\u00e9sentes modalit\u00e9s. Aussi, conform\u00e9ment \u00e0 l\u2019article n\u00b06 de la Loi n\u00b02004-575 du 21 Juin 2004 pour la confiance dans l\u2019\u00e9conomie num\u00e9rique, les responsables du pr\u00e9sent site internet\u00a0www.desamiantek.fr sont :<\/p><p style=\"margin-bottom: 1rem; caret-color: #212529; color: #212529; font-family: Raleway, 'Odoo Unicode Support Noto', sans-serif; background-color: rgba(255, 255, 255, 0.9);\">Editeur du Site :<\/p><p style=\"margin-bottom: 1rem; caret-color: #212529; color: #212529; font-family: Raleway, 'Odoo Unicode Support Noto', sans-serif; background-color: rgba(255, 255, 255, 0.9);\">Desamitanek<\/p><p style=\"margin-bottom: 1rem; caret-color: #212529; color: #212529; font-family: Raleway, 'Odoo Unicode Support Noto', sans-serif; background-color: rgba(255, 255, 255, 0.9);\">Num\u00e9ro de SIRET : 50497887500020<\/p><p style=\"margin-bottom: 1rem; caret-color: #212529; color: #212529; font-family: Raleway, 'Odoo Unicode Support Noto', sans-serif; background-color: rgba(255, 255, 255, 0.9);\">Responsable editorial : Fabrice HOUSSAIT<\/p><p style=\"margin-bottom: 1rem; caret-color: #212529; color: #212529; font-family: Raleway, 'Odoo Unicode Support Noto', sans-serif; background-color: rgba(255, 255, 255, 0.9);\"><a style=\"box-sizing: inherit; margin: 0px; padding: 0px; color: inherit; cursor: pointer; text-decoration: underline; -webkit-box-align: center; align-items: center; display: inline-flex; font-family: Roboto-Regular-webfont, sans-serif; font-size: 13px; caret-color: #232a34;\" href=\"https:\/\/www.societe.com\/entreprises\/rue%20des%20rousselettes\/61200_ARGENTAN.html\">R<\/a><span style=\"font-family: Roboto-Regular-webfont, sans-serif; font-size: small;\"><span style=\"box-sizing: inherit; color: inherit; cursor: pointer; -webkit-box-align: center; align-items: center; display: inline-flex; caret-color: #232a34;\"><u>UE DES ROUSSELETTES 61200 ARGENTAN<\/u><\/span><\/span>\u00a0<\/p><p style=\"margin-bottom: 1rem; caret-color: #212529; color: #212529; font-family: Raleway, 'Odoo Unicode Support Noto', sans-serif; background-color: rgba(255, 255, 255, 0.9);\"><span style=\"font-size: 1rem;\">Email : contact@desamiantek.com<\/span><\/p><p style=\"margin-bottom: 1rem; caret-color: #212529; color: #212529; font-family: Raleway, 'Odoo Unicode Support Noto', sans-serif; background-color: rgba(255, 255, 255, 0.9);\">Site Web :\u00a0www.desamiantek.fr<\/p><p style=\"margin-bottom: 1rem; caret-color: #212529; color: #212529; font-family: Raleway, 'Odoo Unicode Support Noto', sans-serif; background-color: rgba(255, 255, 255, 0.9);\">H\u00e9bergement :\u00a0<\/p><p style=\"margin-bottom: 1rem; caret-color: #212529; color: #212529; font-family: Raleway, 'Odoo Unicode Support Noto', sans-serif; background-color: rgba(255, 255, 255, 0.9);\">H\u00e9bergeur : OVH<\/p><p style=\"margin-bottom: 1rem; caret-color: #212529; color: #212529; font-family: Raleway, 'Odoo Unicode Support Noto', sans-serif; background-color: rgba(255, 255, 255, 0.9);\"><span style=\"font-size: 1rem;\">D\u00e9veloppement\u00a0:\u00a0<\/span><\/p><p style=\"margin-bottom: 1rem; caret-color: #212529; color: #212529; font-family: Raleway, 'Odoo Unicode Support Noto', sans-serif; background-color: rgba(255, 255, 255, 0.9);\">Desamiantek<\/p><p style=\"margin-bottom: 1rem; caret-color: #212529; color: #212529; font-family: Raleway, 'Odoo Unicode Support Noto', sans-serif; background-color: rgba(255, 255, 255, 0.9);\"><a style=\"box-sizing: inherit; background-color: rgba(255, 255, 255, 0.9); color: inherit; text-decoration: underline; margin: 0px; padding: 0px; cursor: pointer; -webkit-box-align: center; align-items: center; display: inline-flex; font-family: Roboto-Regular-webfont, sans-serif; font-size: 13px; caret-color: #232a34;\" href=\"https:\/\/www.societe.com\/entreprises\/rue%20des%20rousselettes\/61200_ARGENTAN.html\">R<\/a><span style=\"font-family: Roboto-Regular-webfont, sans-serif; font-size: small;\"><span style=\"box-sizing: inherit; color: inherit; cursor: pointer; -webkit-box-align: center; align-items: center; display: inline-flex; caret-color: #232a34;\"><u>UE DES ROUSSELETTES 61200 ARGENTAN<\/u><\/span><\/span>\u00a0<\/p><p style=\"margin-bottom: 1rem; caret-color: #212529; color: #212529; font-family: Raleway, 'Odoo Unicode Support Noto', sans-serif; background-color: rgba(255, 255, 255, 0.9);\">Site Web :\u00a0<span style=\"color: #090561;\">https:\/\/www.desamiantek.fr\/<\/span><\/p>\t\t\t\t\t\t<\/div>\n\t\t\t\t<\/div>\n\t\t\t\t\t<\/div>\n\t\t<\/div>\n\t\t\t\t\t\t\t<\/div>\n\t\t<\/section>\n\t\t\t\t\t\t\t<\/div>\n\t\t","protected":false},"excerpt":{"rendered":"<p>Mentions l\u00e9gales Merci de lire avec attention les diff\u00e9rentes modalit\u00e9s d\u2019utilisation du pr\u00e9sent site avant d\u2019y parcourir ses pages. En vous connectant sur ce site, vous acceptez sans r\u00e9serves les pr\u00e9sentes modalit\u00e9s. Aussi, conform\u00e9ment \u00e0 l\u2019article n\u00b06 de la Loi n\u00b02004-575 du 21 Juin 2004 pour la confiance dans l\u2019\u00e9conomie num\u00e9rique, les responsables du pr\u00e9sent [&hellip;]<\/p>\n","protected":false},"author":1,"featured_media":0,"parent":0,"menu_order":0,"comment_status":"closed","ping_status":"closed","template":"","meta":{"footnotes":""},"class_list":["post-844","page","type-page","status-publish","hentry"],"yoast_head":"<!-- This site is optimized with the Yoast SEO plugin v20.4 - https:\/\/yoast.com\/wordpress\/plugins\/seo\/ -->\n<title>Mentions l\u00e9gales - Desamiantek<\/title>\n<meta name=\"robots\" content=\"index, follow, max-snippet:-1, max-image-preview:large, max-video-preview:-1\" \/>\n<link rel=\"canonical\" href=\"https:\/\/desamiantek.fr\/index.php\/mentions-legales\/\" \/>\n<meta property=\"og:locale\" content=\"fr_FR\" \/>\n<meta property=\"og:type\" content=\"article\" \/>\n<meta property=\"og:title\" content=\"Mentions l\u00e9gales - Desamiantek\" \/>\n<meta property=\"og:description\" content=\"Mentions l\u00e9gales Merci de lire avec attention les diff\u00e9rentes modalit\u00e9s d\u2019utilisation du pr\u00e9sent site avant d\u2019y parcourir ses pages. En vous connectant sur ce site, vous acceptez sans r\u00e9serves les pr\u00e9sentes modalit\u00e9s. Aussi, conform\u00e9ment \u00e0 l\u2019article n\u00b06 de la Loi n\u00b02004-575 du 21 Juin 2004 pour la confiance dans l\u2019\u00e9conomie num\u00e9rique, les responsables du pr\u00e9sent [&hellip;]\" \/>\n<meta property=\"og:url\" content=\"https:\/\/desamiantek.fr\/index.php\/mentions-legales\/\" \/>\n<meta property=\"og:site_name\" content=\"Desamiantek\" \/>\n<meta property=\"article:modified_time\" content=\"2023-04-06T13:52:50+00:00\" \/>\n<meta name=\"twitter:card\" content=\"summary_large_image\" \/>\n<meta name=\"twitter:label1\" content=\"Dur\u00e9e de lecture estim\u00e9e\" \/>\n\t<meta name=\"twitter:data1\" content=\"1 minute\" \/>\n<script type=\"application\/ld+json\" class=\"yoast-schema-graph\">{\"@context\":\"https:\/\/schema.org\",\"@graph\":[{\"@type\":\"WebPage\",\"@id\":\"https:\/\/desamiantek.fr\/index.php\/mentions-legales\/\",\"url\":\"https:\/\/desamiantek.fr\/index.php\/mentions-legales\/\",\"name\":\"Mentions l\u00e9gales - Desamiantek\",\"isPartOf\":{\"@id\":\"https:\/\/desamiantek.fr\/#website\"},\"datePublished\":\"2023-04-06T13:52:12+00:00\",\"dateModified\":\"2023-04-06T13:52:50+00:00\",\"breadcrumb\":{\"@id\":\"https:\/\/desamiantek.fr\/index.php\/mentions-legales\/#breadcrumb\"},\"inLanguage\":\"fr-FR\",\"potentialAction\":[{\"@type\":\"ReadAction\",\"target\":[\"https:\/\/desamiantek.fr\/index.php\/mentions-legales\/\"]}]},{\"@type\":\"BreadcrumbList\",\"@id\":\"https:\/\/desamiantek.fr\/index.php\/mentions-legales\/#breadcrumb\",\"itemListElement\":[{\"@type\":\"ListItem\",\"position\":1,\"name\":\"Accueil\",\"item\":\"https:\/\/desamiantek.fr\/\"},{\"@type\":\"ListItem\",\"position\":2,\"name\":\"Mentions l\u00e9gales\"}]},{\"@type\":\"WebSite\",\"@id\":\"https:\/\/desamiantek.fr\/#website\",\"url\":\"https:\/\/desamiantek.fr\/\",\"name\":\"Desamiantek\",\"description\":\"\u00c9radiquer l&#039;amiante. Des professionnels qualifi\u00e9s pour le d\u00e9samiantage de vos chantiers\",\"publisher\":{\"@id\":\"https:\/\/desamiantek.fr\/#organization\"},\"potentialAction\":[{\"@type\":\"SearchAction\",\"target\":{\"@type\":\"EntryPoint\",\"urlTemplate\":\"https:\/\/desamiantek.fr\/?s={search_term_string}\"},\"query-input\":\"required name=search_term_string\"}],\"inLanguage\":\"fr-FR\"},{\"@type\":\"Organization\",\"@id\":\"https:\/\/desamiantek.fr\/#organization\",\"name\":\"Desamiantek\",\"url\":\"https:\/\/desamiantek.fr\/\",\"logo\":{\"@type\":\"ImageObject\",\"inLanguage\":\"fr-FR\",\"@id\":\"https:\/\/desamiantek.fr\/#\/schema\/logo\/image\/\",\"url\":\"https:\/\/desamiantek.fr\/wp-content\/uploads\/2023\/04\/Sans-titre-131.png\",\"contentUrl\":\"https:\/\/desamiantek.fr\/wp-content\/uploads\/2023\/04\/Sans-titre-131.png\",\"width\":500,\"height\":500,\"caption\":\"Desamiantek\"},\"image\":{\"@id\":\"https:\/\/desamiantek.fr\/#\/schema\/logo\/image\/\"}}]}<\/script>\n<!-- \/ Yoast SEO plugin. -->","yoast_head_json":{"title":"Mentions l\u00e9gales - Desamiantek","robots":{"index":"index","follow":"follow","max-snippet":"max-snippet:-1","max-image-preview":"max-image-preview:large","max-video-preview":"max-video-preview:-1"},"canonical":"https:\/\/desamiantek.fr\/index.php\/mentions-legales\/","og_locale":"fr_FR","og_type":"article","og_title":"Mentions l\u00e9gales - Desamiantek","og_description":"Mentions l\u00e9gales Merci de lire avec attention les diff\u00e9rentes modalit\u00e9s d\u2019utilisation du pr\u00e9sent site avant d\u2019y parcourir ses pages. En vous connectant sur ce site, vous acceptez sans r\u00e9serves les pr\u00e9sentes modalit\u00e9s. Aussi, conform\u00e9ment \u00e0 l\u2019article n\u00b06 de la Loi n\u00b02004-575 du 21 Juin 2004 pour la confiance dans l\u2019\u00e9conomie num\u00e9rique, les responsables du pr\u00e9sent [&hellip;]","og_url":"https:\/\/desamiantek.fr\/index.php\/mentions-legales\/","og_site_name":"Desamiantek","article_modified_time":"2023-04-06T13:52:50+00:00","twitter_card":"summary_large_image","twitter_misc":{"Dur\u00e9e de lecture estim\u00e9e":"1 minute"},"schema":{"@context":"https:\/\/schema.org","@graph":[{"@type":"WebPage","@id":"https:\/\/desamiantek.fr\/index.php\/mentions-legales\/","url":"https:\/\/desamiantek.fr\/index.php\/mentions-legales\/","name":"Mentions l\u00e9gales - Desamiantek","isPartOf":{"@id":"https:\/\/desamiantek.fr\/#website"},"datePublished":"2023-04-06T13:52:12+00:00","dateModified":"2023-04-06T13:52:50+00:00","breadcrumb":{"@id":"https:\/\/desamiantek.fr\/index.php\/mentions-legales\/#breadcrumb"},"inLanguage":"fr-FR","potentialAction":[{"@type":"ReadAction","target":["https:\/\/desamiantek.fr\/index.php\/mentions-legales\/"]}]},{"@type":"BreadcrumbList","@id":"https:\/\/desamiantek.fr\/index.php\/mentions-legales\/#breadcrumb","itemListElement":[{"@type":"ListItem","position":1,"name":"Accueil","item":"https:\/\/desamiantek.fr\/"},{"@type":"ListItem","position":2,"name":"Mentions l\u00e9gales"}]},{"@type":"WebSite","@id":"https:\/\/desamiantek.fr\/#website","url":"https:\/\/desamiantek.fr\/","name":"Desamiantek","description":"\u00c9radiquer l&#039;amiante. Des professionnels qualifi\u00e9s pour le d\u00e9samiantage de vos chantiers","publisher":{"@id":"https:\/\/desamiantek.fr\/#organization"},"potentialAction":[{"@type":"SearchAction","target":{"@type":"EntryPoint","urlTemplate":"https:\/\/desamiantek.fr\/?s={search_term_string}"},"query-input":"required name=search_term_string"}],"inLanguage":"fr-FR"},{"@type":"Organization","@id":"https:\/\/desamiantek.fr\/#organization","name":"Desamiantek","url":"https:\/\/desamiantek.fr\/","logo":{"@type":"ImageObject","inLanguage":"fr-FR","@id":"https:\/\/desamiantek.fr\/#\/schema\/logo\/image\/","url":"https:\/\/desamiantek.fr\/wp-content\/uploads\/2023\/04\/Sans-titre-131.png","contentUrl":"https:\/\/desamiantek.fr\/wp-content\/uploads\/2023\/04\/Sans-titre-131.png","width":500,"height":500,"caption":"Desamiantek"},"image":{"@id":"https:\/\/desamiantek.fr\/#\/schema\/logo\/image\/"}}]}},"_links":{"self":[{"href":"https:\/\/desamiantek.fr\/index.php\/wp-json\/wp\/v2\/pages\/844","targetHints":{"allow":["GET"]}}],"collection":[{"href":"https:\/\/desamiantek.fr\/index.php\/wp-json\/wp\/v2\/pages"}],"about":[{"href":"https:\/\/desamiantek.fr\/index.php\/wp-json\/wp\/v2\/types\/page"}],"author":[{"embeddable":true,"href":"https:\/\/desamiantek.fr\/index.php\/wp-json\/wp\/v2\/users\/1"}],"replies":[{"embeddable":true,"href":"https:\/\/desamiantek.fr\/index.php\/wp-json\/wp\/v2\/comments?post=844"}],"version-history":[{"count":8,"href":"https:\/\/desamiantek.fr\/index.php\/wp-json\/wp\/v2\/pages\/844\/revisions"}],"predecessor-version":[{"id":852,"href":"https:\/\/desamiantek.fr\/index.php\/wp-json\/wp\/v2\/pages\/844\/revisions\/852"}],"wp:attachment":[{"href":"https:\/\/desamiantek.fr\/index.php\/wp-json\/wp\/v2\/media?parent=844"}],"curies":[{"name":"wp","href":"https:\/\/api.w.org\/{rel}","templated":true}]}}